9
List the prime factors of 4594.
2, 2297
What are the prime factors of 11378?
2, 5689
What are the prime factors of 697?
17, 41
List the prime factors of 30774.
2, 3, 23, 223
What are the prime factors of 12631?
17, 743
List the prime factors of 4015.
5, 11, 73
List the prime factors of 7595.
5, 7, 31
What are the prime factors of 628?
2, 157
What are the prime factors of 879?
3, 293
What are the prime factors of 109395?
3, 5, 11, 13, 17
List the prime factors of 6139.
7, 877
What are the prime factors of 43348?
2, 10837
What are the prime factors of 94851?
3, 1171
List the prime factors of 10438.
2, 17, 307
What are the prime factors of 8338?
2, 11, 379
List the prime factors of 2342.
2, 1171
What are the prime factors of 908?
2, 227
What are the prime factors of 6255?
3, 5, 139
List the prime factors of 73048.
2, 23, 397
List the prime factors of 15460.
2, 5, 773
What are the prime factors of 1401?
3, 467
What are the prime factors of 1689?
3, 563
What are the prime factors of 1558?
2, 19, 41
What are the prime factors of 12?
2, 3
List the prime factors of 13792.
2, 431
List the prime factors of 78314.
2, 39157
What are the prime factors of 2108?
2, 17, 31
What are the prime factors of 82?
2, 41
List the prime factors of 54204.
2, 3, 4517
List the prime factors of 264.
2, 3, 11
What are the prime factors of 4249?
7, 607
List the prime factors of 9480.
2, 3, 5, 79
List the prime factors of 98512.
2, 47, 131
What are the prime factors of 29166?
2, 3, 4861
List the prime factors of 324.
2, 3
What are the prime factors of 3619?
7, 11, 47
List the prime factors of 1940.
2, 5, 97
What are the prime factors of 3533?
3533
What are the prime factors of 1783?
1783
List the prime factors of 11703.
3, 47, 83
What are the prime factors of 2619?
3, 97
What are the prime factors of 1391?
13, 107
List the prime factors of 68.
2, 17
What are the prime factors of 23634?
2, 3, 13, 101
What are the prime factors of 17152?
2, 67
What are the prime factors of 924?
2, 3, 7, 11
List the prime factors of 35372.
2, 37, 239
List the prime factors of 7868.
2, 7, 281
What are the prime factors of 23452?
2, 11, 13, 41
List the prime factors of 65856.
2, 3, 7
What are the prime factors of 704?
2, 11
List the prime factors of 1418.
2, 709
What are the prime factors of 25385?
5, 5077
What are the prime factors of 4197?
3, 1399
List the prime factors of 17569.
17569
List the prime factors of 28590.
2, 3, 5, 953
What are the prime factors of 2728?
2, 11, 31
List the prime factors of 1851.
3, 617
List the prime factors of 3675.
3, 5, 7
What are the prime factors of 6950?
2, 5, 139
List the prime factors of 5665.
5, 11, 103
List the prime factors of 73287.
3, 17, 479
List the prime factors of 1380.
2, 3, 5, 23
What are the prime factors of 14025?
3, 5, 11, 17
List the prime factors of 21247.
21247
What are the prime factors of 20422?
2, 10211
What are the prime factors of 404?
2, 101
List the prime factors of 3825.
3, 5, 17
List the prime factors of 4518.
2, 3, 251
List the prime factors of 2491.
47, 53
What are the prime factors of 19453?
7, 397
What are the prime factors of 9883?
9883
List the prime factors of 9621.
3, 1069
List the prime factors of 25072.
2, 1567
What are the prime factors of 24436?
2, 41, 149
What are the prime factors of 995?
5, 199
What are the prime factors of 1774?
2, 887
List the prime factors of 36982.
2, 11, 41
What are the prime factors of 68914?
2, 34457
List the prime factors of 854.
2, 7, 61
List the prime factors of 62970.
2, 3, 5, 2099
List the prime factors of 70555.
5, 103, 137
What are the prime factors of 6684?
2, 3, 557
What are the prime factors of 605?
5, 11
List the prime factors of 1411.
17, 83
List the prime factors of 3084.
2, 3, 257
What are the prime factors of 4038?
2, 3, 673
List the prime factors of 144090.
2, 3, 5, 1601
List the prime factors of 6114.
2, 3, 1019
List the prime factors of 9323.
9323
List the prime factors of 2708.
2, 677
List the prime factors of 4662.
2, 3, 7, 37
List the prime factors of 7143.
3, 2381
List the prime factors of 90911.
90911
What are the prime factors of 75686?
2, 13, 41, 71
What are the prime factors of 3665?
5, 733
What are the prime factors of 987?
3, 7, 47
What are the prime factors of 6746?
2, 3373
List the prime factors of 754.
2, 13, 29
What are the prime factors of 48?
2, 3
What are the prime factors of 48035?
5, 13, 739
What are the prime factors of 239?
239
List the prime factors of 161142.
2, 3, 107, 251
List the prime factors of 377.
13, 29
List the prime factors of 2811.
3, 937
What are the prime factors of 67371?
3, 17, 1321
List the prime factors of 820.
2, 5, 41
List the prime factors of 392.
2, 7
List the prime factors of 3128.
2, 17, 23
List the prime factors of 26.
2, 13
What are the prime factors of 62488?
2, 73, 107
List the prime factors of 83056.
2, 29, 179
What are the prime factors of 5754?
2, 3, 7, 137
What are the prime factors of 318?
2, 3, 53
What are the prime factors of 53841?
3, 131, 137
What are the prime factors of 12107?
12107
What are the prime factors of 3044?
2, 761
List the prime factors of 20116.
2, 47, 107
List the prime factors of 10154.
2, 5077
List the prime factors of 17758.
2, 13, 683
List the prime factors of 904.
2, 113
List the prime factors of 11017.
23, 479
What are the prime factors of 16300?
2, 5, 163
List the prime factors of 6824.
2, 853
List the prime factors of 134662.
2, 11, 6121
List the prime factors of 65007.
3, 31, 233
List the prime factors of 320.
2, 5
What are the prime factors of 6064?
2, 379
What are the prime factors of 7459?
7459
What are the prime factors of 2687?
2687
What are the prime factors of 21144?
2, 3, 881
List the prime factors of 44361.
3, 31, 53
List the prime factors of 83544.
2, 3, 59
List the prime factors of 4295.
5, 859
List the prime factors of 25619.
11, 17, 137
List the prime factors of 65475.
3, 5, 97
List the prime factors of 79993.
167, 479
List the prime factors of 5932.
2, 1483
List the prime factors of 1330.
2, 5, 7, 19
What are the prime factors of 89785?
5, 17957
List the prime factors of 8554.
2, 7, 13, 47
List the prime factors of 19737.
3, 17, 43
List the prime factors of 3067.
3067
List the prime factors of 84.
2, 3, 7
What are the prime factors of 1826?
2, 11, 83
List the prime factors of 353.
353
What are the prime factors of 14041?
19, 739
List the prime factors of 170995.
5, 11, 3109
What are the prime factors of 13029?
3, 43, 101
What are the prime factors of 1182?
2, 3, 197
What are the prime factors of 16470?
2, 3, 5, 61
List the prime factors of 22564.
2, 5641
What are the prime factors of 90317?
37, 2441
What are the prime factors of 9601?
9601
List the prime factors of 2377.
2377
What are the prime factors of 1408?
2, 11
What are the prime factors of 497?
7, 71
List the prime factors of 14065.
5, 29, 97
List the prime factors of 6842.
2, 11, 311
List the prime factors of 28455.
3, 5, 7, 271
List the prime factors of 30085.
5, 11, 547
List the prime factors of 2159.
17, 127
List the prime factors of 1870.
2, 5, 11, 17
What are the prime factors of 841?
29
List the prime factors of 1891.
31, 61
List the prime factors of 108613.
17, 6389
What are the prime factors of 2275?
5, 7, 13
What are the prime factors of 3113?
11, 283
List the prime factors of 38284.
2, 17, 563
List the prime factors of 1260.
2, 3, 5, 7
List the prime factors of 216.
2, 3
What are the prime factors of 4784?
2, 13, 23
List the prime factors of 14127.
3, 17, 277
List the prime factors of 6150.
2, 3, 5, 41
What are the prime factors of 907?
907
What are the prime factors of 97?
97
What are the prime factors of 7191?
3, 17, 47
List the prime factors of 209.
11, 19
What are the prime factors of 5252?
2, 13, 101
What are the prime factors of 60969?
3, 20323
What are the prime factors of 208?
2, 13
What are the prime factors of 2148?
2, 3, 179
What are the prime factors of 1515?
3, 5, 101
What are the prime factors of 1025?
5, 41
What are the prime factors of 1415?
5, 283
What are the prime factors of 4033?
37, 109
What are the prime factors of 5680?
2, 5, 71
What are the prime factors of 861?
3, 7, 41
What are the prime factors of 3552?
2, 3, 37
List the prime factors of 68715.
3, 5, 509
List the prime factors of 2